{"id":12,"date":"2023-04-12T22:46:46","date_gmt":"2023-04-12T20:46:46","guid":{"rendered":"http:\/\/corpsetsens.site\/?page_id=12"},"modified":"2025-12-15T22:32:49","modified_gmt":"2025-12-15T21:32:49","slug":"accueil","status":"publish","type":"page","link":"https:\/\/corpsetsens.site\/","title":{"rendered":"Massages et Soins Ayurv\u00e9diques en Ari\u00e8ge et Haute-Garonne"},"content":{"rendered":"\n<div style=\"height:30px\" aria-hidden=\"true\" class=\"wp-block-spacer\"><\/div>\n\n\n<div class=\"wp-block-image\">\n<figure class=\"aligncenter size-full is-resized\"><img loading=\"lazy\" decoding=\"async\" width=\"773\" height=\"406\" src=\"http:\/\/corpsetsens.site\/wp-content\/uploads\/2024\/12\/corpsetsens-logo-massage-ayurverda-ayurvediques-Tina-ariege.png\" alt=\"\" class=\"wp-image-1252\" style=\"width:413px;height:auto\" srcset=\"https:\/\/corpsetsens.site\/wp-content\/uploads\/2024\/12\/corpsetsens-logo-massage-ayurverda-ayurvediques-Tina-ariege.png 773w, https:\/\/corpsetsens.site\/wp-content\/uploads\/2024\/12\/corpsetsens-logo-massage-ayurverda-ayurvediques-Tina-ariege-300x158.png 300w, https:\/\/corpsetsens.site\/wp-content\/uploads\/2024\/12\/corpsetsens-logo-massage-ayurverda-ayurvediques-Tina-ariege-768x403.png 768w\" sizes=\"auto, (max-width: 773px) 100vw, 773px\" \/><\/figure>\n<\/div>\n\n\n<div style=\"height:30px\" aria-hidden=\"true\" class=\"wp-block-spacer\"><\/div>\n\n\n\n<div class=\"wp-block-cover\" style=\"min-height:448px;aspect-ratio:unset;\"><img loading=\"lazy\" decoding=\"async\" width=\"1732\" height=\"2560\" class=\"wp-block-cover__image-background wp-image-325\" alt=\"\" src=\"http:\/\/corpsetsens.site\/wp-content\/uploads\/2024\/12\/D75_7458-scaled.jpg\" style=\"object-position:54% 34%\" data-object-fit=\"cover\" data-object-position=\"54% 34%\" srcset=\"https:\/\/corpsetsens.site\/wp-content\/uploads\/2024\/12\/D75_7458-scaled.jpg 1732w, https:\/\/corpsetsens.site\/wp-content\/uploads\/2024\/12\/D75_7458-203x300.jpg 203w, https:\/\/corpsetsens.site\/wp-content\/uploads\/2024\/12\/D75_7458-693x1024.jpg 693w, https:\/\/corpsetsens.site\/wp-content\/uploads\/2024\/12\/D75_7458-768x1135.jpg 768w, https:\/\/corpsetsens.site\/wp-content\/uploads\/2024\/12\/D75_7458-1039x1536.jpg 1039w, https:\/\/corpsetsens.site\/wp-content\/uploads\/2024\/12\/D75_7458-1385x2048.jpg 1385w\" sizes=\"auto, (max-width: 1732px) 100vw, 1732px\" \/><span aria-hidden=\"true\" class=\"wp-block-cover__background has-background-dim-60 has-background-dim wp-block-cover__gradient-background has-background-gradient has-pale-ocean-gradient-background\"><\/span><div class=\"wp-block-cover__inner-container is-layout-constrained wp-block-cover-is-layout-constrained\">\n<p class=\"has-text-align-center has-text-color has-link-color has-x-large-font-size wp-elements-fc744cf764e03d771bd3c713932d343b\" style=\"color:#00585d\"><strong>Massages et soins Ayurv\u00e9diques<\/strong><\/p>\n\n\n\n<p class=\"has-text-align-center has-text-color has-link-color has-x-large-font-size wp-elements-837ebe1c63f51679a7b55b09332ffc89\" style=\"color:#00585d\"><strong>en Ari\u00e8ge et Haute-Garonne<\/strong><\/p>\n\n\n\n<div style=\"height:50px\" aria-hidden=\"true\" class=\"wp-block-spacer\"><\/div>\n\n\n\n<p class=\"has-text-align-center has-text-color has-link-color wp-elements-aa26df050a1353bf350dfb1bd157165f\" style=\"color:#ffffff;font-size:25px\"><strong>Bienvenue sur le site de Corps &amp; Sens o\u00f9 vous d\u00e9couvrirez tout ce que je r\u00e9alise&nbsp;:<\/strong> <strong>massages, soins Ayurv\u00e9diques, Rebozo, enseignement des 13 m\u00e8res (cercles de femmes)<\/strong><\/p>\n<\/div><\/div>\n\n\n\n<div style=\"height:50px\" aria-hidden=\"true\" class=\"wp-block-spacer\"><\/div>\n\n\n\n<hr class=\"wp-block-separator has-text-color has-neve-link-color-color has-alpha-channel-opacity has-neve-link-color-background-color has-background is-style-wide\"\/>\n\n\n\n<p class=\"has-text-align-center has-neve-link-color-color has-text-color has-link-color has-large-font-size wp-elements-bf0341ba6d0e9f03d9c6e63596505af8\" style=\"border-radius:0px\"><strong>Actualit\u00e9<\/strong><\/p>\n\n\n\n<div class=\"wp-block-columns is-layout-flex wp-container-core-columns-is-layout-9d6595d7 wp-block-columns-is-layout-flex\">\n<div class=\"wp-block-column is-layout-flow wp-block-column-is-layout-flow\" style=\"flex-basis:100%\">\n<div class=\"wp-block-columns is-layout-flex wp-container-core-columns-is-layout-9d6595d7 wp-block-columns-is-layout-flex\">\n<div class=\"wp-block-column is-layout-flow wp-block-column-is-layout-flow\">\n<h2 class=\"wp-block-heading has-text-align-center\">Les rendez-vous pour Janvier 2026<\/h2>\n\n\n\n<h3 class=\"wp-block-heading has-text-align-center\">Cr\u00e9neaux disponibles la semaine du lundi 26 au vendredi 30 Janvier<\/h3>\n\n\n\n<p class=\"has-text-align-center\"> Contactez moi Via <strong>WHATSAPP 0664828124 <\/strong><\/p>\n\n\n\n<p class=\"has-text-align-center\"><strong>OU MAIL TINAFOURCADE@HOTMAIL.COM<\/strong><\/p>\n\n\n\n<p><\/p>\n<\/div>\n\n\n\n<div class=\"wp-block-column is-vertically-aligned-center is-layout-flow wp-block-column-is-layout-flow\">\n<div class=\"wp-block-group\"><div class=\"wp-block-group__inner-container is-layout-constrained wp-block-group-is-layout-constrained\">\n<div class=\"wp-block-columns is-layout-flex wp-container-core-columns-is-layout-9d6595d7 wp-block-columns-is-layout-flex\">\n<div class=\"wp-block-column is-layout-flow wp-block-column-is-layout-flow\" style=\"flex-basis:100%\">\n<figure class=\"wp-block-image size-large is-resized\"><img loading=\"lazy\" decoding=\"async\" width=\"684\" height=\"1024\" src=\"http:\/\/corpsetsens.site\/wp-content\/uploads\/2024\/12\/D75_7589-684x1024.jpg\" alt=\"\" class=\"wp-image-498\" style=\"aspect-ratio:0.6679710588024723;width:223px;height:auto\" srcset=\"https:\/\/corpsetsens.site\/wp-content\/uploads\/2024\/12\/D75_7589-684x1024.jpg 684w, https:\/\/corpsetsens.site\/wp-content\/uploads\/2024\/12\/D75_7589-200x300.jpg 200w, https:\/\/corpsetsens.site\/wp-content\/uploads\/2024\/12\/D75_7589-768x1150.jpg 768w, https:\/\/corpsetsens.site\/wp-content\/uploads\/2024\/12\/D75_7589-1025x1536.jpg 1025w, https:\/\/corpsetsens.site\/wp-content\/uploads\/2024\/12\/D75_7589-1367x2048.jpg 1367w, https:\/\/corpsetsens.site\/wp-content\/uploads\/2024\/12\/D75_7589-scaled.jpg 1709w\" sizes=\"auto, (max-width: 684px) 100vw, 684px\" \/><\/figure>\n<\/div>\n<\/div>\n<\/div><\/div>\n\n\n\n<div style=\"height:50px\" aria-hidden=\"true\" class=\"wp-block-spacer\"><\/div>\n\n\n\n<p><\/p>\n<\/div>\n<\/div>\n<\/div>\n<\/div>\n\n\n\n<div class=\"wp-block-columns is-layout-flex wp-container-core-columns-is-layout-9d6595d7 wp-block-columns-is-layout-flex\">\n<div class=\"wp-block-column is-layout-flow wp-block-column-is-layout-flow\" style=\"flex-basis:33.33%\">\n<figure class=\"wp-block-image size-large is-resized has-custom-border wp-duotone-magenta-yellow\"><img loading=\"lazy\" decoding=\"async\" width=\"684\" height=\"1024\" src=\"http:\/\/corpsetsens.site\/wp-content\/uploads\/2024\/10\/D75_8047-684x1024.jpg\" alt=\"\" class=\"wp-image-295\" style=\"border-style:none;border-width:0px;border-radius:41px;width:auto;height:500px\" srcset=\"https:\/\/corpsetsens.site\/wp-content\/uploads\/2024\/10\/D75_8047-684x1024.jpg 684w, https:\/\/corpsetsens.site\/wp-content\/uploads\/2024\/10\/D75_8047-200x300.jpg 200w, https:\/\/corpsetsens.site\/wp-content\/uploads\/2024\/10\/D75_8047-768x1150.jpg 768w, https:\/\/corpsetsens.site\/wp-content\/uploads\/2024\/10\/D75_8047-1025x1536.jpg 1025w, https:\/\/corpsetsens.site\/wp-content\/uploads\/2024\/10\/D75_8047-1367x2048.jpg 1367w, https:\/\/corpsetsens.site\/wp-content\/uploads\/2024\/10\/D75_8047-scaled.jpg 1709w\" sizes=\"auto, (max-width: 684px) 100vw, 684px\" \/><\/figure>\n<\/div>\n\n\n\n<div class=\"wp-block-column has-large-font-size is-layout-flow wp-block-column-is-layout-flow\" style=\"flex-basis:66.66%\">\n<p><\/p>\n\n\n\n<h2 class=\"wp-block-heading has-text-align-center\">Changement de saison !<\/h2>\n\n\n\n<h3 class=\"wp-block-heading has-text-align-center\"> C&rsquo;est l&rsquo;heure de venir accompagner votre corps et votre m\u00e9tabolisme pour le changement de saison.<\/h3>\n\n\n\n<p class=\"has-text-align-center\"><a href=\"http:\/\/corpsetsens.site\/index.php\/massages-ayurvediques\/\" data-type=\"page\" data-id=\"512\">Prenez rendez-vous pour un massage !<\/a><\/p>\n<\/div>\n<\/div>\n\n\n\n<hr class=\"wp-block-separator has-text-color has-neve-link-color-color has-alpha-channel-opacity has-neve-link-color-background-color has-background is-style-wide\"\/>\n\n\n\n<div style=\"height:35px\" aria-hidden=\"true\" class=\"wp-block-spacer\"><\/div>\n\n\n\n<div class=\"wp-block-cover\" style=\"border-radius:50px\"><span aria-hidden=\"true\" class=\"wp-block-cover__background has-neve-link-hover-color-background-color has-background-dim-90 has-background-dim\"><\/span><div class=\"wp-block-cover__inner-container is-layout-constrained wp-block-cover-is-layout-constrained\">\n<div class=\"wp-block-media-text is-stacked-on-mobile\" style=\"grid-template-columns:40% auto\"><figure class=\"wp-block-media-text__media\"><img loading=\"lazy\" decoding=\"async\" width=\"684\" height=\"1024\" src=\"http:\/\/corpsetsens.site\/wp-content\/uploads\/2024\/12\/D75_7620-scaled-1-684x1024.jpg\" alt=\"\" class=\"wp-image-352 size-full\" srcset=\"https:\/\/corpsetsens.site\/wp-content\/uploads\/2024\/12\/D75_7620-scaled-1-684x1024.jpg 684w, https:\/\/corpsetsens.site\/wp-content\/uploads\/2024\/12\/D75_7620-scaled-1-200x300.jpg 200w, https:\/\/corpsetsens.site\/wp-content\/uploads\/2024\/12\/D75_7620-scaled-1-768x1150.jpg 768w, https:\/\/corpsetsens.site\/wp-content\/uploads\/2024\/12\/D75_7620-scaled-1-1025x1536.jpg 1025w, https:\/\/corpsetsens.site\/wp-content\/uploads\/2024\/12\/D75_7620-scaled-1-1367x2048.jpg 1367w, https:\/\/corpsetsens.site\/wp-content\/uploads\/2024\/12\/D75_7620-scaled-1.jpg 1709w\" sizes=\"auto, (max-width: 684px) 100vw, 684px\" \/><\/figure><div class=\"wp-block-media-text__content\">\n<h2 class=\"wp-block-heading has-text-align-left has-neve-link-color-color has-text-color has-link-color has-large-font-size wp-elements-6bf378940a408df8b09c4d15af035cce\"><strong>Corps&nbsp;&amp; Sens, c&rsquo;est moi\u2026 Tina&nbsp;Fourcade<\/strong><\/h2>\n\n\n\n<p class=\"has-nv-site-bg-color has-text-color has-link-color wp-elements-f04d52a1dd5b09018f4290123b2f0802\">Arriv\u00e9e \u00e0 un moment de ma vie o\u00f9 je souhaitais me reconvertir professionnellement, la voie du massage, des soins et de l&rsquo;accompagnement des femmes s&rsquo;est progressivement ouverte, jusqu&rsquo;\u00e0 prendre une place centrale dans ma vie.&nbsp;<\/p>\n\n\n\n<p class=\"has-nv-site-bg-color has-text-color has-link-color wp-elements-9366e36f80b51ed5f08b98c01828785e\">Par attrait personnel j&rsquo;ai tout d&rsquo;abord \u00e9t\u00e9 initi\u00e9 \u00e0 un massage que j&rsquo;ai pratiqu\u00e9 b\u00e9n\u00e9volement. De fils en aiguilles, j&rsquo;ai appris d&rsquo;autres massages et des techniques ayurv\u00e9diques. Je me suis alors form\u00e9e en tant que praticienne Ayurv\u00e9dique. En m\u00eame temps, le soin Rebozo m&rsquo;a \u00e9t\u00e9 transmis et apr\u00e8s l&rsquo;avoir pratiqu\u00e9 de nombreuses fois, je le propose aujourd\u2019hui aux femmes.<\/p>\n\n\n\n<p class=\"has-nv-site-bg-color has-text-color has-link-color wp-elements-a265069115cc299b54ddd63eed2c105f\">Parall\u00e8lement, pour mon cheminement personnel, j&rsquo;ai suivi un enseignement sur le f\u00e9minin sacr\u00e9, les 13 M\u00e8res Originelles. Plus tard, j&rsquo;ai \u00e9t\u00e9 invit\u00e9 \u00e0 le transmettre \u00e0 mon tour, ce que je fais actuellement.<\/p>\n\n\n\n<p class=\"has-nv-site-bg-color has-text-color has-link-color wp-elements-64f9e6b99fbb64e5df748966dd6ab2d7\">Corps et Sens c&rsquo;est donc moi et toutes les m\u00e9thodes de bien-\u00eatre, de soins aux corps que j&rsquo;apprends et que je vous propose.<\/p>\n\n\n\n<p class=\"has-nv-site-bg-color has-text-color has-link-color wp-elements-11d8c00953679223fadaca6b291f4b8d\">Au plaisir de vous accompagner, Tina<\/p>\n<\/div><\/div>\n<\/div><\/div>\n\n\n\n<div style=\"height:50px\" aria-hidden=\"true\" class=\"wp-block-spacer\"><\/div>\n\n\n\n<div class=\"wp-block-columns are-vertically-aligned-center is-layout-flex wp-container-core-columns-is-layout-9d6595d7 wp-block-columns-is-layout-flex\">\n<div class=\"wp-block-column has-border-color is-layout-flow wp-block-column-is-layout-flow\" style=\"border-color:var(--nv-primary-accent);border-radius:50px;padding-top:var(--wp--preset--spacing--30);padding-right:var(--wp--preset--spacing--30);padding-bottom:var(--wp--preset--spacing--30);padding-left:var(--wp--preset--spacing--30);flex-basis:33.33%\">\n<p class=\"has-text-align-center has-medium-font-size\"><strong>Massages au hammam ou \u00e0 domicile<\/strong><\/p>\n\n\n\n<p class=\"has-text-align-left\"><strong>En solo, duo ou m\u00eame en trio !<\/strong><\/p>\n\n\n\n<p class=\"has-text-align-left\">Ma salle de soins se situe au&nbsp;<a href=\"https:\/\/www.google.com\/maps\/place\/Corps+et+Sens\/@43.1145075,1.2824191,17z\/data=!3m1!4b1!4m6!3m5!1s0x12af2b8a3ca3d2d1:0x2b9600b039232bea!8m2!3d43.1145075!4d1.2824191!16s%2Fg%2F11tj2ny23c?entry=ttu&amp;g_ep=EgoyMDI0MTIxMS4wIKXMDSoASAFQAw%3D%3D\" target=\"_blank\" rel=\"noreferrer noopener\">Hammam&nbsp;du Bocage \u00e0 Montbrun-Bocage (31310).<\/a><\/p>\n\n\n\n<p class=\"has-text-align-left\">Je peux aussi r\u00e9aliser mes massages \u00e0 domicile.<\/p>\n\n\n\n<p class=\"has-text-align-left\">Je me d\u00e9place \u00e9galement en entreprise ou dans votre \u00e9tablissement.<\/p>\n\n\n\n<p><strong>Pour de plus amples informations ou pour prendre rendez-vous,&nbsp;<a href=\"http:\/\/corpsetsens.site\/index.php\/contact\/\" target=\"_blank\" rel=\"noreferrer noopener\">contactez-moi<\/a><em>.<\/em><\/strong><\/p>\n<\/div>\n\n\n\n<div class=\"wp-block-column has-border-color is-layout-flow wp-block-column-is-layout-flow\" style=\"border-color:var(--nv-primary-accent);border-radius:50px;padding-top:var(--wp--preset--spacing--30);padding-right:var(--wp--preset--spacing--30);padding-bottom:var(--wp--preset--spacing--30);padding-left:var(--wp--preset--spacing--30);flex-basis:33.34%\">\n<p class=\"has-text-align-center has-medium-font-size\"><strong>Les huiles de soin<\/strong><\/p>\n\n\n\n<p><strong>J\u2019apporte un soin tout particulier pour le choix des huiles. <\/strong>Elles sont d\u2019origine v\u00e9g\u00e9tale et certifi\u00e9es biologiques (huiles de s\u00e9same et coco). Certaines proviennent d\u2019une clinique ayurv\u00e9dique Indienne (huile camphr\u00e9e, au jasmin et huiles sp\u00e9cifiques).<\/p>\n\n\n<div class=\"wp-block-image\">\n<figure class=\"aligncenter size-large has-custom-border\"><img loading=\"lazy\" decoding=\"async\" width=\"1024\" height=\"697\" src=\"http:\/\/corpsetsens.site\/wp-content\/uploads\/2024\/12\/D75_7480-1024x697.jpg\" alt=\"\" class=\"wp-image-328\" style=\"border-radius:10px\" srcset=\"https:\/\/corpsetsens.site\/wp-content\/uploads\/2024\/12\/D75_7480-1024x697.jpg 1024w, https:\/\/corpsetsens.site\/wp-content\/uploads\/2024\/12\/D75_7480-300x204.jpg 300w, https:\/\/corpsetsens.site\/wp-content\/uploads\/2024\/12\/D75_7480-768x522.jpg 768w, https:\/\/corpsetsens.site\/wp-content\/uploads\/2024\/12\/D75_7480-1536x1045.jpg 1536w, https:\/\/corpsetsens.site\/wp-content\/uploads\/2024\/12\/D75_7480-2048x1393.jpg 2048w\" sizes=\"auto, (max-width: 1024px) 100vw, 1024px\" \/><\/figure>\n<\/div>\n\n\n<div style=\"height:10px\" aria-hidden=\"true\" class=\"wp-block-spacer\"><\/div>\n\n\n\n<p>Les cr\u00e8mes pour le visage sont confectionn\u00e9es en France&nbsp;par&nbsp;\u00ab&nbsp;Loren Kadi&nbsp;\u00bb,&nbsp;entreprise sp\u00e9cialis\u00e9e en recettes Ayurv\u00e9diques et certifi\u00e9e par le label \u00ab&nbsp;Cosmos Naturel et Bio&nbsp;\u00bb.<\/p>\n<\/div>\n\n\n\n<div class=\"wp-block-column has-border-color is-layout-flow wp-block-column-is-layout-flow\" style=\"border-color:var(--nv-primary-accent);border-radius:50px;padding-top:var(--wp--preset--spacing--30);padding-right:var(--wp--preset--spacing--30);padding-bottom:var(--wp--preset--spacing--30);padding-left:var(--wp--preset--spacing--30);flex-basis:33.34%\">\n<div style=\"height:2px\" aria-hidden=\"true\" class=\"wp-block-spacer\"><\/div>\n\n\n\n<p class=\"has-text-align-center has-medium-font-size\"><strong>\u00c0 offrir<\/strong><\/p>\n\n\n\n<p><strong>Pour vos proches et pour tout \u00e9v\u00e8nement, la carte cadeau<\/strong><\/p>\n\n\n\n<figure class=\"wp-block-image size-large has-custom-border\"><img loading=\"lazy\" decoding=\"async\" width=\"1024\" height=\"684\" src=\"http:\/\/corpsetsens.site\/wp-content\/uploads\/2024\/12\/D75_7505-1024x684.jpg\" alt=\"\" class=\"wp-image-330\" style=\"border-radius:10px\" srcset=\"https:\/\/corpsetsens.site\/wp-content\/uploads\/2024\/12\/D75_7505-1024x684.jpg 1024w, https:\/\/corpsetsens.site\/wp-content\/uploads\/2024\/12\/D75_7505-300x200.jpg 300w, https:\/\/corpsetsens.site\/wp-content\/uploads\/2024\/12\/D75_7505-768x513.jpg 768w, https:\/\/corpsetsens.site\/wp-content\/uploads\/2024\/12\/D75_7505-1536x1025.jpg 1536w, https:\/\/corpsetsens.site\/wp-content\/uploads\/2024\/12\/D75_7505-2048x1367.jpg 2048w, https:\/\/corpsetsens.site\/wp-content\/uploads\/2024\/12\/D75_7505-930x620.jpg 930w\" sizes=\"auto, (max-width: 1024px) 100vw, 1024px\" \/><\/figure>\n\n\n\n<div style=\"height:10px\" aria-hidden=\"true\" class=\"wp-block-spacer\"><\/div>\n\n\n\n<p>F\u00eate des m\u00e8res, No\u00ebl, anniversaires, cadeau d&rsquo;entreprise, enterrement vie de jeune fille ou jeune homme, moment parent-enfant (majeur), d\u00e9tente en couple, Saint Valentin\u2026<\/p>\n\n\n\n<p><strong>Et pour tous les instants o\u00f9 vous souhaitez faire plaisir,<\/strong> <strong><a href=\"http:\/\/corpsetsens.site\/index.php\/contact\/\" target=\"_blank\" rel=\"noreferrer noopener\">offrez un massage<\/a><\/strong><\/p>\n<\/div>\n<\/div>\n\n\n\n<div style=\"height:50px\" aria-hidden=\"true\" class=\"wp-block-spacer\"><\/div>\n","protected":false},"excerpt":{"rendered":"<p>Actualit\u00e9 Les rendez-vous pour Janvier 2026 Cr\u00e9neaux disponibles la semaine du lundi 26 au vendredi 30 Janvier Contactez moi Via WHATSAPP 0664828124 OU MAIL TINAFOURCADE@HOTMAIL.COM Changement de saison ! C&rsquo;est l&rsquo;heure de venir accompagner votre corps et votre m\u00e9tabolisme pour le changement de saison. Prenez rendez-vous pour un massage ! Massages au hammam ou \u00e0&hellip;&nbsp;<a href=\"https:\/\/corpsetsens.site\/\" class=\"\" rel=\"bookmark\">Lire la suite &raquo;<span class=\"screen-reader-text\">Massages et Soins Ayurv\u00e9diques en Ari\u00e8ge et Haute-Garonne<\/span><\/a><\/p>\n","protected":false},"author":1,"featured_media":31,"parent":0,"menu_order":0,"comment_status":"closed","ping_status":"closed","template":"","meta":{"neve_meta_sidebar":"","neve_meta_container":"default","neve_meta_enable_content_width":"on","neve_meta_content_width":100,"neve_meta_title_alignment":"","neve_meta_author_avatar":"","neve_post_elements_order":"","neve_meta_disable_header":"","neve_meta_disable_footer":"","neve_meta_disable_title":"on","footnotes":""},"class_list":["post-12","page","type-page","status-publish","has-post-thumbnail","hentry"],"_links":{"self":[{"href":"https:\/\/corpsetsens.site\/index.php\/wp-json\/wp\/v2\/pages\/12","targetHints":{"allow":["GET"]}}],"collection":[{"href":"https:\/\/corpsetsens.site\/index.php\/wp-json\/wp\/v2\/pages"}],"about":[{"href":"https:\/\/corpsetsens.site\/index.php\/wp-json\/wp\/v2\/types\/page"}],"author":[{"embeddable":true,"href":"https:\/\/corpsetsens.site\/index.php\/wp-json\/wp\/v2\/users\/1"}],"replies":[{"embeddable":true,"href":"https:\/\/corpsetsens.site\/index.php\/wp-json\/wp\/v2\/comments?post=12"}],"version-history":[{"count":142,"href":"https:\/\/corpsetsens.site\/index.php\/wp-json\/wp\/v2\/pages\/12\/revisions"}],"predecessor-version":[{"id":1393,"href":"https:\/\/corpsetsens.site\/index.php\/wp-json\/wp\/v2\/pages\/12\/revisions\/1393"}],"wp:featuredmedia":[{"embeddable":true,"href":"https:\/\/corpsetsens.site\/index.php\/wp-json\/wp\/v2\/media\/31"}],"wp:attachment":[{"href":"https:\/\/corpsetsens.site\/index.php\/wp-json\/wp\/v2\/media?parent=12"}],"curies":[{"name":"wp","href":"https:\/\/api.w.org\/{rel}","templated":true}]}}